alculate the remainder when 17892686 is divided by 103.
41
What is the remainder when 51924261 is divided by 30?
21
What is the remainder when 301445 is divided by 150612?
221
What is the remainder when 5231983 is divided by 2615986?
11
What is the remainder when 96350 is divided by 4011?
86
Calculate the remainder when 27857437 is divided by 4720.
4717
Calculate the remainder when 70847937 is divided by 331065.
27
Calculate the remainder when 327236 is divided by 45.
41
What is the remainder when 16141421 is divided by 100?
21
What is the remainder when 1967454 is divided by 199?
140
Calculate the remainder when 2859257 is divided by 161.
58
Calculate the remainder when 1286407 is divided by 1961.
1952
Calculate the remainder when 831305 is divided by 3260.
5
What is the remainder when 20047203 is divided by 2546?
2545
Calculate the remainder when 469180 is divided by 221.
218
What is the remainder when 116176 is divided by 115652?
524
Calculate the remainder when 9530 is divided by 2590.
1760
What is the remainder when 4953597 is divided by 2701?
2664
Calculate the remainder when 196958 is divided by 72.
38
Calculate the remainder when 5915142 is divided by 537729.
123
Calculate the remainder when 1778266 is divided by 4502.
4478
What is the remainder when 174955 is divided by 29136?
139
Calculate the remainder when 745416 is divided by 372243.
930
Calculate the remainder when 3574026 is divided by 1191088.
762
Calculate the remainder when 25178254 is divided by 343.
339
What is the remainder when 6493991 is divided by 424?
7
What is the remainder when 574397 is divided by 321?
128
What is the remainder when 104243 is divided by 190?
123
Calculate the remainder when 205156 is divided by 355.
321
What is the remainder when 148874 is divided by 73511?
1852
What is the remainder when 283103 is divided by 53?
30
Calculate the remainder when 675816 is divided by 27.
6
Calculate the remainder when 3575029 is divided by 10934.
10545
What is the remainder when 328026 is divided by 9372?
6
What is the remainder when 16059859 is divided by 182?
179
What is the remainder when 2520430 is divided by 46?
44
Calculate the remainder when 204083 is divided by 84.
47
What is the remainder when 864734 is divided by 4726?
4602
What is the remainder when 88550005 is divided by 45?
40
Calculate the remainder when 193973 is divided by 449.
5
Calculate the remainder when 1247294 is divided by 413337.
7283
Calculate the remainder when 49031747 is divided by 5911.
2
What is the remainder when 161349852 is divided by 5442?
5436
What is the remainder when 497903 is divided by 784?
63
What is the remainder when 758030 is divided by 213?
176
What is the remainder when 1080752 is divided by 1279?
1276
What is the remainder when 293564 is divided by 151?
20
Calculate the remainder when 2888488 is divided by 603.
118
What is the remainder when 2747317 is divided by 951?
829
What is the remainder when 541466 is divided by 813?
8
Calculate the remainder when 28869005 is divided by 9159.
8996
Calculate the remainder when 2853563 is divided by 807.
11
Calculate the remainder when 525723 is divided by 37538.
191
What is the remainder when 21755622 is divided by 3096?
30
Calculate the remainder when 772754 is divided by 76.
62
Calculate the remainder when 11181901 is divided by 286715.
16
Calculate the remainder when 183417 is divided by 700.
17
Calculate the remainder when 1974841 is divided by 8663.
8340
Calculate the remainder when 33855884 is divided by 1035.
1034
Calculate the remainder when 1106793956 is divided by 30.
26
What is the remainder when 3279285 is divided by 1109?
1081
Calculate the remainder when 177090 is divided by 236.
90
What is the remainder when 526343 is divided by 75187?
34
What is the remainder when 16978765 is divided by 1131917?
10
Calculate the remainder when 4229055 is divided by 108435.
90
What is the remainder when 861 is divided by 385?
91
Calculate the remainder when 2563677 is divided by 545.
542
Calculate the remainder when 2551187 is divided by 5326.
33
What is the remainder when 61112 is divided by 1262?
536
Calculate the remainder when 28094345 is divided by 954.
953
Calculate the remainder when 15598953 is divided by 149.
143
Calculate the remainder when 316666 is divided by 4733.
4288
What is the remainder when 418499168 is divided by 85182?
2
Calculate the remainder when 2763684 is divided by 3412.
3376
What is the remainder when 156582 is divided by 4003?
465
What is the remainder when 254505 is divided by 241?
9
Calculate the remainder when 65071 is divided by 3641.
3174
Calculate the remainder when 3135734 is divided by 33.
8
Calculate the remainder when 6271309 is divided by 88.
77
What is the remainder when 234710611 is divided by 61701?
7
Calculate the remainder when 15483532 is divided by 3527.
2
What is the remainder when 4288165 is divided by 426?
49
What is the remainder when 21933604 is divided by 978?
976
Calculate the remainder when 8838430 is divided by 4419212.
6
What is the remainder when 863941 is divided by 46?
15
What is the remainder when 46327 is divided by 15295?
442
Calculate the remainder when 331093 is divided by 9.
1
What is the remainder when 32779600 is divided by 2473?
2458
What is the remainder when 1897917 is divided by 95?
7
What is the remainder when 934822909 is divided by 19?
14
What is the remainder when 90116 is divided by 369?
80
Calculate the remainder when 124282290 is divided by 1.
0
What is the remainder when 75901767 is divided by 6?
3
What is the remainder when 1440749 is divided by 7581?
359
Calculate the remainder when 1427796 is divided by 1735.
1626
What is the remainder when 89418 is divided by 176?
10
Calculate the remainder when 4752865 is divided by 91401.
13
What is the remainder when 4882 is divided by 1930?
1022
What is the remainder when 332749 is divided by 3025?
3024
What is the remainder when 149758197 is divided by 675?
672
What is the remainder when 898789 is divided by 10447?
347
What is the remainder when 35519 is divided by 35390?
129
Calculate the remainder when 103936973 is divided by 286.
283
Calculate the remainder when 84340 is divided by 18.
10
Calculate the remainder when 115280063 is divided by 18.
17
What is the remainder when 640341 is divided by 616?
317
What is the remainder when 8788608 is divided by 1343?
16
Calculate the remainder when 51805322 is divided by 4966.
10
What is the remainder when 8045271 is divided by 98113?
5
What is the remainder when 5119053 is divided by 511902?
33
Calculate the remainder when 21736228 is divided by 905676.
4
What is the remainder when 29664 is divided by 1178?
214
Calculate the remainder when 1191015477 is divided by 1130.
1127
What is the remainder when 30077394 is divided by 33198?
6
Calculate the remainder when 45256814 is divided by 2042.
2010
Calculate the remainder when 5379 is divided by 5195.
184
Calculate the remainder when 76837 is divided by 25003.
1828
Calculate the remainder when 125216565 is divided by 1608.
1605
Calculate the remainder when 3074375 is divided by 2528.
327
Calculate the remainder when 101821 is divided by 186.
79
Calculate the remainder when 1550761 is divided by 465.
451
What is the remainder when 23448033 is divided by 7816002?
27
Calculate the remainder when 324581 is divided by 15437.
404
Calculate the remainder when 8620259 is divided by 30353.
7
Calculate the remainder when 139274 is divided by 2212.
2130
Calculate the remainder when 36296 is divided by 66.
62
What is the remainder when 9394880 is divided by 293590?
0
What is the remainder when 2590224 is divided by 16088?
56
What is the remainder when 34530 is divided by 1316?
314
What is the remainder when 71770 is divided by 1850?
1470
Calculate the remainder when 22986805 is divided by 8590.
8555
Calculate the remainder when 3134114 is divided by 1567030.
54
What is the remainder when 1359161 is divided by 1411?
368
What is the remainder when 167584495 is divided by 3066?
1
Calculate the remainder when 53504444 is divided by 1317.
2
What is the remainder when 100113 is divided by 155?
138
Calculate the remainder when 14260708 is divided by 66.
22
Calculate the remainder when 388554 is divided by 44.
34
Calculate the remainder wh